-20*h + 1834 = -6886. Let n(r) = 78*r - 2. Let k be n(4). Let v = h - k. What is the units digit of v?
6
Let b = 18770 + -8636. What is the tens digit of b?
3
Let l(j) = 9*j - 3. Let f be l(1). Suppose 8 = -f*x + 7*x. Suppose 12 = -3*z, -5*b + x = -b - z. What is the units digit of b?
1
Let s be (-1 - 1) + 75/15 - 407. What is the tens digit of -3*-5*(-5)/25 - s?
0
Let n be (-1)/(-3) + ((-21)/(-9))/(-7). Suppose 2*y + 3 = -l, -4*l + n*l = -3*y + 1. What is the hundreds digit of -2 + ((-208)/(-2) - l)?
1
Let n be 1 - 1 - (4 - -11). Let r(v) be the first derivative of v**4/4 + 5*v**3 - 4*v**2 + 11*v + 17. What is the tens digit of r(n)?
3
Suppose -4*s = -5*g - 11554, -10*g + 2857 = s - 6*g. What is the tens digit of s?
8
Suppose -g - 93 = -925. Let r(p) = 4*p - 2 - 834*p**2 - 3 + 9*p**3 + g*p**2. What is the tens digit of r(2)?
6
Let z(q) = q + 58. Let x be z(0). Let r = x + -55. Suppose -287 = -r*p - 4*p. What is the units digit of p?
1
Suppose -4*f + 2*o = o - 19, -o = -2*f + 11. What is the units digit of f/5*((-5140)/(-8) + 0)?
4
Let g(i) be the third derivative of -i**4/6 - 4*i**3/3 - 16*i**2. Let x be g(-2). Suppose 10*v - 1078 - 362 = x. What is the tens digit of v?
4
Let q = -177 - -179. Suppose 0 = q*o - 5*m - 49 - 7, 0 = 3*o - m - 58. What is the units digit of o?
8
Let v = -22437 + 47392. What is the hundreds digit of v?
9
Let m = -155 - -146. What is the hundreds digit of (-1467)/(-2)*(m - (-58)/6)?
4
Suppose 5*o + 110037 = 13*o - 11547. What is the thousands digit of o?
5
Suppose -3*a + 653 - 239 = 0. Let y be (-33)/(-9) + 6/(-9). What is the hundreds digit of (y + a - 4)*1?
1
Let r(x) be the second derivative of 3*x**5/20 - 8*x**4/3 + 8*x**3/3 - 18*x**2 + 163*x. What is the tens digit of r(11)?
6
Let u(p) = -p**3 + 8*p**2 + 10*p - 1. Suppose 0 = -16*v + 25*v - 36. Suppose -v*c - 11*m + 13*m = -28, 3*m = 0. What is the units digit of u(c)?
8
Let t be -4*5/60 + (-21)/(-9). Suppose 2*z - 4*a - 638 = 0, 0*z + a - 623 = -t*z. What is the hundreds digit of z?
3
Suppose -4*r + 13 = -3. Suppose -23 - 345 = -r*o. Let z = 0 + o. What is the tens digit of z?
9
Let a(q) = -q**3 - 37*q**2 - 30*q - 8. What is the tens digit of a(-40)?
9
Let u = -56 + 56. Suppose 2*v - 271 - 277 = u. Suppose 5*c - 2*h = 344, 4*c - v = -0*c + h. What is the tens digit of c?
6
Let h be (-13 - 3)/((-45)/(-20) + -2). Let b = 114 + h. What is the units digit of b?
0
Let u(q) = 21*q**2 + 16207 - 16155 - 20*q - q**3 + 2*q**3. What is the tens digit of u(-21)?
7
Suppose 6*p + 75 - 105 = 0. What is the units digit of p/2*(-2132)/(-65)?
2
Let m(x) = x**2 + 21*x + 22. Suppose 9*l = -73 - 98. Let w be m(l). What is the tens digit of ((-12)/21)/(w/4648)?
6
Suppose 0 = g + 2*g - 1557. Let t = -239 + g. Suppose -4*b + 144 = -v - 136, -4*b + t = 5*v. What is the tens digit of b?
7
Suppose -3*h + 2*h - 5*g - 62 = 0, -h = g + 70. What is the tens digit of (10 + 1019)*(h/28)/(-3)?
8
Suppose 0 = 8*r - 13*r + 2895. What is the hundreds digit of r?
5
What is the hundreds digit of ((-68240)/35)/(2/(-7))?
8
Suppose -2*o - 8*o + 40 = 0. Suppose 0 = 2*n - 76 + o. Suppose 0 = -2*v - 5 - 1, -b - 3*v = -n. What is the units digit of b?
5
Suppose 3*f + 98 = -5*q + 254, -5*q + 140 = -5*f. Let k = q + 372. Suppose 13*t - k = 11*t. What is the hundreds digit of t?
2
Let o be (3 - 5) + (-1 - -11). Suppose 23*x - 4905 = o*x. What is the hundreds digit of x?
3
Suppose 0 = -5*f + 25, 0 = 2*j - 7*f + 3*f + 12. Suppose -2*u + 34 + 2 = 0. Let t = u - j. What is the units digit of t?
4
Let h be (-88 + -5)*68/(-6). Suppose 0 = -5*g + 2*l + 496 + h, 1240 = 4*g + 3*l. What is the hundreds digit of g?
3
Suppose -11 = -7*d - 60. Let s be 4/7*d/(-2). What is the tens digit of (9*s/(-5))/(2/(-55))?
9
Suppose 4*x + 1 + 3 = -y, -5*x = -y - 4. Let i(j) = -j**3 + 3*j**2 - 6. Let f be i(x). What is the units digit of -2 - 25/(-15) - 128/f?
1
Let g(n) = -n**3 - 9*n**2 - 17*n + 20. Let x be g(-9). Let z = -7 - -12. Suppose 99 = 3*w - 3*o, -z*w + x = -0*w - 3*o. What is the tens digit of w?
3
Let g be -1 + (6 - 1) + 11. Let z(l) = 19*l + 2 + 44 - l**2 + 3. What is the hundreds digit of z(g)?
1
Let m be 2/(8/(-6))*14. Let w be 34*(14/m)/(8/(-6)). Suppose -n = -w - 32. What is the tens digit of n?
4
Suppose 18*o - 22*o = -20*m - 167040, 0 = -3*o - 3*m + 125226. What is the thousands digit of o?
1
What is the units digit of -8 - (70/6)/((-154732)/11052 + 14)?
7
Suppose 5*h + 3*v + 6603 = -v, -4*h - 5272 = -2*v. Let t = h + 2177. What is the hundreds digit of t?
8
Suppose 608 = j - 3477. What is the units digit of j?
5
Suppose 0 = -2*l - 2*p + 7180, -2*p - 12102 = -4*l + 2276. What is the thousands digit of l?
3
Let z(i) = 2*i**3 - 10*i**2 + 4*i - 12. Let r be z(7). Let b = -41 + r. Suppose 2*a + b = 2*x - 91, -3*a + 631 = 5*x. What is the units digit of x?
8
Suppose 6*a - 4*f = 167784, -2*a + 3*f = -27096 - 28832. What is the ten thousands digit of a?
2
Suppose 93*q + 18 = 92*q + 17. Suppose -3*y + 5*w = -125, 2*w - 158 = -5*y + 9. What is the tens digit of y - -8 - (1 + q)?
4
Suppose -2*p - 10 = -2*n, -3*p + 2*p = n - 13. Suppose d + 6 = n. Suppose -d*o + o + 218 = 3*c, -c + 2*o = -78. What is the tens digit of c?
7
Let o(z) be the first derivative of z**4/4 + 20*z**3/3 - 13*z**2 + 71*z - 2. What is the units digit of o(-21)?
6
Let v(b) = -b**2 + 2*b + 7. Let f be v(7). Let g = f + 31. Suppose j - 4*o = 62, -o = g*o + 4. What is the units digit of j?
8
Let h(x) = -20 + 5*x - 25 - 13*x + 58*x**2 + 17 + 18*x**2. What is the hundreds digit of h(-4)?
2
Let d = 54 - 64. Let a be (-6)/d - (2 - (-17)/(-5)). Suppose 3*f = -2*g + 5 + 2, 5*f = -a*g + 9. What is the units digit of g?
2
Let p = 2539 + -2467. Suppose -6*q = -2*q. Suppose q = 7*n - 16*n + p. What is the units digit of n?
8
Suppose 13*f - 133773 = -24378. What is the units digit of f?
5
Let t = -5663 + 7599. What is the thousands digit of t?
1
Suppose 58 + 62 = -10*f. Let n = 155 - f. What is the units digit of n?
7
Suppose -17*c + 8*c = -45. Suppose g + c*r - 9 - 14 = 0, 4*g - 20 = -2*r. Suppose -g*x = -n - 10, -3*x = 2*n + 2*n - 35. What is the units digit of x?
5
Suppose 5*u + 3*q = 6317, 16*u = 19*u - 5*q - 3797. What is the thousands digit of u?
1
Let i = 44 - 26. Let t be (-8)/(-36) + 590/i. Suppose 4*n - t = 287. What is the units digit of n?
0
Suppose 964 = 4*v + 4*s, -5*v = -5*s - 911 - 324. Suppose -3*z = -3*r + 1649 + v, -3*r = z - 1901. What is the units digit of r?
3
Let a(r) = r**2 - 7*r + 15. Let x(n) = 8*n - 14. Let u(z) = -2*a(z) - 3*x(z). Let q be u(-6). Suppose q = -5*h - 110 + 895. What is the hundreds digit of h?
1
Suppose 2*z = 5*c - 5, -4*z = 2*c + 4 + 42. What is the tens digit of z/(-55) - 48591/(-99)?
9
Let y be 4/(-10) + (27/(-15))/3. Let o be -2104*((-2)/(0 - 4) + y). What is the units digit of (-3)/(-9) + 3*o/36?
8
Let q(v) = 12449*v - 11465. What is the ten thousands digit of q(7)?
7
Let a = 49 + -41. Suppose 0 = -2*o - 2*c + a, -4*c + 0 + 22 = -2*o. What is the units digit of ((-10)/(-15))/(o + 14/12)?
4
Let f(w) = 4*w**3 - 5*w**2 - w + 9. Let r(v) = -v + 3. Let j be r(-1). Suppose -j*l = -5*l + 3. What is the tens digit of f(l)?
6
Let l be 163*32/(7 + -3). Let a = l + -2375. What is the hundreds digit of (-15 - 1)/(a/(-135) + -8)?
2
Let f(s) = s**3 + 21*s**2 - 26*s - 63. Let h be f(-7). Suppose 0*p = -2*p + 4. Suppose k + x - p*x = 154, 0 = 5*k + 2*x - h. What is the hundreds digit of k?
1
Let b be 13/((20/(-25))/4). Let i = -3 - b. Suppose 0 = -x + 3*m - 6*m + 30, -3*x + 5*m + i = 0. What is the units digit of x?
4
Let q(d) be the first derivative of 121*d**2/2 + 58*d + 41. What is the hundreds digit of q(2)?
3
Let w = 250 - 499. Let n = w + 522. What is the units digit of n?
3
Suppose -25*h = -30*h + 7700. Let m = h - -105. What is the thousands digit of m?
1
Let b = 5794 - -11297. What is the thousands digit of b?
7
Let c(v) = -3*v**3 + 5*v**2 + 5*v - 5. Let y(g) = -g**3 + g**2 + g - 1. Let k(d) = c(d) - 6*y(d). Let h be k(3). Let l = -4 + h. What is the units digit of l?
6
Let a = -116 + 61. Let n = a + 67. What is the tens digit of (n/10)/((-24)/(-1620))?
8
What is the units digit of 14/4 + 237/(-158)?
2
Let g(n) = 15*n - 11. Let y be g(1). Suppose 5*h - 2*t - 2460 = 0, -y*t = -1 - 19. What is the tens digit of h?
9
Suppose 12